tors of 4626.
2, 3, 257
What are the prime factors of 2326?
2, 1163
List the prime factors of 469.
7, 67
List the prime factors of 50731.
97, 523
List the prime factors of 597.
3, 199
List the prime factors of 2714.
2, 23, 59
List the prime factors of 42431.
151, 281
What are the prime factors of 749?
7, 107
What are the prime factors of 69391?
7, 23, 431
What are the prime factors of 18521?
18521
What are the prime factors of 1950?
2, 3, 5, 13
What are the prime factors of 6518?
2, 3259
List the prime factors of 1538.
2, 769
What are the prime factors of 3945?
3, 5, 263
What are the prime factors of 863?
863
What are the prime factors of 23171?
17, 29, 47
List the prime factors of 336.
2, 3, 7
List the prime factors of 42.
2, 3, 7
What are the prime factors of 254?
2, 127
List the prime factors of 1815.
3, 5, 11
List the prime factors of 449.
449
List the prime factors of 5494.
2, 41, 67
What are the prime factors of 100908?
2, 3, 2803
List the prime factors of 13556.
2, 3389
What are the prime factors of 1463?
7, 11, 19
List the prime factors of 2331.
3, 7, 37
List the prime factors of 4809.
3, 7, 229
List the prime factors of 82599.
3, 11, 2503
List the prime factors of 654.
2, 3, 109
List the prime factors of 706.
2, 353
List the prime factors of 7472.
2, 467
What are the prime factors of 72062?
2, 137, 263
What are the prime factors of 87?
3, 29
What are the prime factors of 737?
11, 67
List the prime factors of 7229.
7229
What are the prime factors of 2922?
2, 3, 487
List the prime factors of 163993.
163993
List the prime factors of 1560.
2, 3, 5, 13
List the prime factors of 43224.
2, 3, 1801
What are the prime factors of 580?
2, 5, 29
List the prime factors of 1509.
3, 503
What are the prime factors of 22864?
2, 1429
List the prime factors of 62077.
23, 2699
What are the prime factors of 57049?
89, 641
What are the prime factors of 6023?
19, 317
List the prime factors of 970.
2, 5, 97
List the prime factors of 951.
3, 317
List the prime factors of 344.
2, 43
What are the prime factors of 3999?
3, 31, 43
What are the prime factors of 155?
5, 31
List the prime factors of 26482.
2, 13241
What are the prime factors of 3910?
2, 5, 17, 23
List the prime factors of 14580.
2, 3, 5
What are the prime factors of 25302?
2, 3, 4217
List the prime factors of 11735.
5, 2347
List the prime factors of 14250.
2, 3, 5, 19
What are the prime factors of 37144?
2, 4643
List the prime factors of 10055.
5, 2011
What are the prime factors of 63019?
11, 17, 337
What are the prime factors of 10874?
2, 5437
What are the prime factors of 321?
3, 107
What are the prime factors of 1507?
11, 137
List the prime factors of 73416.
2, 3, 7, 19, 23
List the prime factors of 82874.
2, 11, 3767
List the prime factors of 1408.
2, 11
List the prime factors of 368.
2, 23
What are the prime factors of 6626?
2, 3313
What are the prime factors of 567?
3, 7
What are the prime factors of 17911?
17911
What are the prime factors of 8765?
5, 1753
What are the prime factors of 775?
5, 31
What are the prime factors of 8914?
2, 4457
What are the prime factors of 20328?
2, 3, 7, 11
List the prime factors of 11776.
2, 23
List the prime factors of 6067.
6067
What are the prime factors of 170349?
3, 56783
List the prime factors of 4426.
2, 2213
What are the prime factors of 564?
2, 3, 47
What are the prime factors of 23901?
3, 31, 257
List the prime factors of 1355.
5, 271
List the prime factors of 2126.
2, 1063
What are the prime factors of 3093?
3, 1031
List the prime factors of 3821.
3821
What are the prime factors of 439?
439
List the prime factors of 1800.
2, 3, 5
What are the prime factors of 31325?
5, 7, 179
What are the prime factors of 467?
467
What are the prime factors of 6917?
6917
List the prime factors of 18005.
5, 13, 277
What are the prime factors of 41913?
3, 4657
What are the prime factors of 6666?
2, 3, 11, 101
List the prime factors of 368.
2, 23
List the prime factors of 3012.
2, 3, 251
List the prime factors of 2549.
2549
What are the prime factors of 824?
2, 103
What are the prime factors of 131668?
2, 32917
List the prime factors of 1191.
3, 397
What are the prime factors of 4839?
3, 1613
What are the prime factors of 8597?
8597
List the prime factors of 5221.
23, 227
List the prime factors of 821.
821
List the prime factors of 957.
3, 11, 29
What are the prime factors of 69859?
69859
List the prime factors of 1173.
3, 17, 23
What are the prime factors of 16001?
16001
What are the prime factors of 2674?
2, 7, 191
What are the prime factors of 2901?
3, 967
What are the prime factors of 694?
2, 347
List the prime factors of 61531.
37, 1663
What are the prime factors of 983?
983
What are the prime factors of 100917?
3, 11213
List the prime factors of 8585.
5, 17, 101
What are the prime factors of 120970?
2, 5, 12097
What are the prime factors of 214?
2, 107
List the prime factors of 81454.
2, 139, 293
What are the prime factors of 72961?
7, 1489
List the prime factors of 10701.
3, 29, 41
What are the prime factors of 4034?
2, 2017
List the prime factors of 198308.
2, 11, 4507
List the prime factors of 5988.
2, 3, 499
List the prime factors of 71079.
3, 19, 29, 43
List the prime factors of 3951.
3, 439
List the prime factors of 762.
2, 3, 127
List the prime factors of 9479.
9479
List the prime factors of 24107.
24107
List the prime factors of 46234.
2, 23117
List the prime factors of 2914.
2, 31, 47
What are the prime factors of 94623?
3, 31541
What are the prime factors of 2527?
7, 19
List the prime factors of 4813.
4813
What are the prime factors of 73?
73
What are the prime factors of 781?
11, 71
List the prime factors of 32376.
2, 3, 19, 71
List the prime factors of 18927.
3, 701
What are the prime factors of 4741?
11, 431
What are the prime factors of 18610?
2, 5, 1861
What are the prime factors of 4243?
4243
What are the prime factors of 13585?
5, 11, 13, 19
List the prime factors of 14831.
14831
List the prime factors of 1808.
2, 113
List the prime factors of 26160.
2, 3, 5, 109
List the prime factors of 55017.
3, 6113
What are the prime factors of 3978?
2, 3, 13, 17
List the prime factors of 15411.
3, 11, 467
What are the prime factors of 5637?
3, 1879
List the prime factors of 4695.
3, 5, 313
List the prime factors of 817.
19, 43
List the prime factors of 550.
2, 5, 11
What are the prime factors of 635?
5, 127
List the prime factors of 7904.
2, 13, 19
What are the prime factors of 105?
3, 5, 7
List the prime factors of 420.
2, 3, 5, 7
What are the prime factors of 858?
2, 3, 11, 13
List the prime factors of 11812.
2, 2953
What are the prime factors of 40197?
3, 13399
What are the prime factors of 24232?
2, 13, 233
List the prime factors of 23421.
3, 37, 211
List the prime factors of 20679.
3, 61, 113
List the prime factors of 34732.
2, 19, 457
List the prime factors of 14090.
2, 5, 1409
List the prime factors of 1080.
2, 3, 5
What are the prime factors of 22533?
3, 7, 29, 37
List the prime factors of 8576.
2, 67
What are the prime factors of 487?
487
What are the prime factors of 19720?
2, 5, 17, 29
List the prime factors of 7380.
2, 3, 5, 41
What are the prime factors of 24154?
2, 13, 929
What are the prime factors of 656?
2, 41
What are the prime factors of 425?
5, 17
List the prime factors of 16941.
3, 5647
What are the prime factors of 688?
2, 43
What are the prime factors of 49538?
2, 17, 31, 47
List the prime factors of 2666.
2, 31, 43
List the prime factors of 195.
3, 5, 13
List the prime factors of 138348.
2, 3, 7, 61
List the prime factors of 906.
2, 3, 151
What are the prime factors of 44229?
3, 23, 641
What are the prime factors of 18275?
5, 17, 43
List the prime factors of 1377.
3, 17
What are the prime factors of 32756?
2, 19, 431
List the prime factors of 248.
2, 31
List the prime factors of 6154.
2, 17, 181
What are the prime factors of 106076?
2, 23, 1153
List the prime factors of 12338.
2, 31, 199
What are the prime factors of 67?
67
What are the prime factors of 2590?
2, 5, 7, 37
What are the prime factors of 2500?
2, 5
List the prime factors of 23454.
2, 3, 1303
List the prime factors of 479.
479
What are the prime factors of 10012?
2, 2503
List the prime factors of 3517.
3517
What are the prime factors of 414?
2, 3, 23
List the prime fac